. Suppose -2*f = -0*f - s. Calculate the remainder when f is divided by 11.
10
Let t(v) = -3*v - 5. Suppose -17 = 5*j + 3, 5*j + 17 = -3*x. Calculate the remainder when (-525)/(-18) + x/(-6) is divided by t(-5).
9
Let s = -2 - -5. Suppose -2*m + 46 = 2*z, -z = 4*z + s*m - 117. What is the remainder when 2/5 - (-15609)/165 is divided by z?
23
Suppose -f + 2*i = 131, -4*i - 257 = 2*f - 3*i. Let u = 259 + f. Suppose -4*z = -3*x - 104, -4*z - z + u = -x. What is the remainder when z is divided by 9?
8
Suppose 2*r = s - 48, 3*r + 124 - 32 = 2*s. What is the remainder when 148 is divided by s?
28
Suppose 55 = -5*v - 50. Let f = v - -54. What is the remainder when 63 is divided by f?
30
Let t(i) = 14*i**2 - 12*i + 8. What is the remainder when t(-4) is divided by 86?
22
Suppose -p - p + 48 = 0. Suppose -5*m + 3*a + 69 = a, -m - 3*a + p = 0. Suppose 5*l = 0, 3*f - l - 168 = -4*l. Calculate the remainder when f is divided by m.
11
Let r = -1249 + 1583. What is the remainder when r is divided by 24?
22
Suppose m - 6*m = r - 9, -4*m + 8 = r. Suppose -i + 3*h + 75 = 4*i, 52 = r*i - 4*h. Calculate the remainder when i is divided by 11.
7
Suppose 27 = 4*k - 13. What is the remainder when 189 is divided by k?
9
Let q(t) = 142*t**2 + 321*t + 6. Calculate the remainder when q(-6) is divided by 45.
42
Suppose -4*y = -18*y + 2646. Calculate the remainder when y is divided by 12.
9
Suppose 78*z + 4 = 82*z. Calculate the remainder when 89 is divided by (((-8)/6)/(-4))/(z/69).
20
Let x = -69 + 71. Calculate the remainder when x/4 + 3/2 + 4 is divided by 3.
0
Suppose -8*i + 295 + 465 = 0. Let c = 43 - 19. Calculate the remainder when i is divided by c.
23
Let l(o) = -17*o + 127. Calculate the remainder when 14 is divided by l(7).
6
Calculate the remainder when 155 is divided by 4 + -1 + -1 + (-64)/(-16).
5
Let v(f) = -3*f + 15. Let r be v(-9). Let b = 74 - r. Calculate the remainder when b is divided by -11*1*(-1 + 0).
10
Let g = -5 + 9. Suppose 0 = 6*q - 9*q - 27. Let u(p) = -p**2 - 8*p + 13. What is the remainder when g is divided by u(q)?
0
Let y = 30 + 138. Calculate the remainder when y is divided by 35.
28
Let r(d) = -d + 9. Let g(y) = -2*y - 5. Let k be g(-10). Let z = k + -12. Calculate the remainder when 15 is divided by r(z).
3
Let m(s) = 2*s**2 - 53*s + 103. What is the remainder when m(25) is divided by 26?
2
Suppose 0*m + 15 = 3*m. Let f be 15/(-2) - 7/14. Calculate the remainder when (-1 - f - 0)/1 is divided by m.
2
Let z = -85 + 94. Suppose -3*s + 1 = -5. Calculate the remainder when z is divided by s.
1
Suppose -65 = 2*f - 853. Calculate the remainder when f is divided by 16.
10
What is the remainder when (-1 + -6)/(-14)*(-108)/(-2) is divided by 13?
1
What is the remainder when 217 + 40/(-16)*-2 is divided by 16?
14
Let m = -647 + 670. Calculate the remainder when 181 is divided by m.
20
Suppose 0 = -27*o + 12372 + 2181. Calculate the remainder when o is divided by 10.
9
Let u(m) = m + 21. What is the remainder when u(11) is divided by 6 - 1*(4 - 7)?
5
Suppose 6*f - 111 = 15. Suppose 3*q = f + 21. What is the remainder when 68 is divided by q?
12
Suppose -47*q + 3 = -46*q. What is the remainder when 48 is divided by q?
0
Let x be (0 + 1 - 1)/3. Suppose x = -12*d + 5*d + 98. Calculate the remainder when d is divided by 3.
2
Let a(s) = s**3 + s**2 - s + 17. Suppose 0 = -12*f + 16*f - 56. Let j = 19 - f. What is the remainder when a(0) is divided by j?
2
Suppose -10 = 2*i - 16. Suppose 173 + 73 = i*c. What is the remainder when c is divided by 21?
19
Suppose -4*i = -20, 94 = 4*k - 0*i + 2*i. Let j be 24/(-4 + 1 - 299/(-99)). Suppose j = 13*p + 382. Calculate the remainder when p is divided by k.
20
Let x(n) = 8*n - 11. Let t(v) = 3*v**2 - 2*v - 2. Let a be t(2). Calculate the remainder when x(a) is divided by 14.
9
Calculate the remainder when 167 - (-5 + (-3)/(-1)) is divided by 34.
33
Let r(w) = w**3 - w**2 + 2. Let n be r(0). Suppose 0 = -2*u - n*h - h + 117, 2*h - 10 = 0. Calculate the remainder when u is divided by 9.
6
Let j(h) = -4 - 9 - 4 - 15*h + 0. What is the remainder when 171 is divided by j(-4)?
42
Suppose 0 = 33*t + 17*t - 5000. What is the remainder when 395 is divided by t?
95
Let a(w) = -w**3 - 13*w**2 + 29*w + 31. What is the remainder when 455 is divided by a(-15)?
41
Let r = 304 - 139. Let h = r - 122. What is the remainder when 127 is divided by h?
41
Suppose 6*g = -2*g + 64. Suppose -116 = -w - 3*w. Calculate the remainder when w is divided by g.
5
Suppose -61 = -6*n - 25. Calculate the remainder when 15 is divided by n.
3
Suppose -2*j + 0*s - 3*s + 60 = 0, 4*j + 3*s - 114 = 0. Let h(z) = -z + 8. Let d be h(7). Calculate the remainder when j is divided by (d/3)/((-2)/(-90)).
12
Let x = -222 + 466. What is the remainder when x is divided by 35?
34
Let y(d) = -d**3 - 4*d**2 + 1. Calculate the remainder when (-10)/(-6)*(-5)/(10/(-6)) is divided by y(-4).
0
Let g be 5/(-3) - (-2)/3. Suppose -18 + 250 = -8*o. Calculate the remainder when 85 is divided by (g - 1)*o/2.
27
Suppose 4*a - 20 - 33 = 5*s, -5*a + 4*s + 55 = 0. Let v(y) = -2*y**2 + y + 2. Let l be v(3). Let b = -1 - l. What is the remainder when b is divided by a?
5
Suppose -5*d - j + 1010 = 0, 606 = 3*d - j + 3*j. Suppose 55 - d = -3*c - 2*u, -4*c + 176 = -4*u. Calculate the remainder when c is divided by 24.
23
Let v = 59 + 31. Let n(d) = -17*d**2 - 212*d - 65. What is the remainder when v is divided by n(-12)?
28
Let k(j) = -4*j**2 - 6*j - 6. Let i(x) = -3*x**2 - 5*x - 6. Let q(h) = -3*i(h) + 2*k(h). What is the remainder when q(-7) is divided by 19?
15
Let g = 474 + -237. Calculate the remainder when g is divided by 7.
6
Suppose 14*x - 17*x - 9 = 0. What is the remainder when 170 is divided by ((-86)/12)/(1/x)*2?
41
Let a(w) = 5*w + 106. What is the remainder when a(9) is divided by 51?
49
Suppose -303 = 5*u - 83. Let m = 72 + u. Let p = 53 - 0. What is the remainder when p is divided by m?
25
Let z = -17 + 24. Calculate the remainder when z/(-21) - 19/(-3) is divided by 6.
0
Suppose -3*y + 176 = -0*y + 5*y. Let l be 0 - (2/2 - 0). What is the remainder when 88 + (-2 - l)*1 is divided by y?
21
Suppose 21*s = 7012 + 2375. Calculate the remainder when s is divided by 90.
87
Let z = -10 + 15. Suppose 12*j = z*j + 140. Calculate the remainder when 79 is divided by j.
19
Suppose 2*r - 165 - 67 = 0. Calculate the remainder when r is divided by 9.
8
Let f = -64 + 90. What is the remainder when (91 + (2 - -8))/1 is divided by f?
23
Suppose -3*q = -2*q - 3. Suppose -5*f = -4*r - 19, -q*r = -2*f - 2*r + 7. Calculate the remainder when (-4)/(-3)*126/56 is divided by f.
0
Let n(z) be the first derivative of -z**2/2 + z - 1. Let o be (-3)/4 - ((-605)/(-20) - 13). What is the remainder when 54 is divided by n(o)?
16
Let w(r) = -10*r + 476. Calculate the remainder when 150 is divided by w(34).
14
Suppose -b + 4 = -2*b, -4*d - 8 = 2*b. Let i = -3 + d. Let u(t) = -t**3 - 3*t**2 - 3*t - 5. Calculate the remainder when 10 is divided by u(i).
2
Let l(b) = -16*b + 1. Let u be l(-1). Let c = u - 13. Suppose -2*v = -a + 17, c*v + 2 = a - 5. What is the remainder when a is divided by 10?
7
Let q(s) = -6*s - 45. Let g be q(-8). Suppose 0 = g*z - 5*c - 100, 0*z = 3*z - c - 80. What is the remainder when 146 is divided by z?
21
Suppose -282*x + 320 = -262*x. What is the remainder when 318 is divided by x?
14
Suppose -3*c + 0*c + 96 = 0. Suppose 3*w + 4*k = -3 - 1, 5*k = -5*w - 15. Let r(f) = -f + 9. Calculate the remainder when c is divided by r(w).
15
Suppose -2*g = -2*x - 14, 2*x - 10 = -0*x. What is the remainder when 66 is divided by g?
6
Let z(k) = -62*k - 3. Let s be z(-6). Suppose -2*h + 5*h + s = 0. Calculate the remainder when (-6)/(-12) - h/2 is divided by 21.
20
Let p(q) = -q**3 - 33*q**2 + 68*q - 18. What is the remainder when 307 is divided by p(-35)?
47
Let c(t) = -6*t + 65. Let d be c(13). What is the remainder when 109 is divided by 4 - d/(3/(3 - -3))?
19
Suppose 33*g = 36*g - 18. Suppose g = 13*p - 176. Let j = 202 + -135. Calculate the remainder when j is divided by p.
11
Let p be (60/(-50))/(2/(-5)). Suppose 5*h = y + 270 + 98, h + p*y = 80. Let g(q) = -q**3 + q**2 + 11. What is the remainder when h is divided by g(0)?
8
Suppose 0 = -3*w + 744 + 96. Let v = -160 + w. Suppose